s of u(13)?
2, 3
Let u(i) = i**3 - 7*i**2 - 2*i - 2. Let q be u(7). Let c = q - -23. What are the prime factors of c?
7
Suppose -21 = 2*o + 13. Let q = 24 + o. Suppose -q + 2 = s, -5*v + 35 = -4*s. List the prime factors of v.
3
Let z = 134 + -43. What are the prime factors of z?
7, 13
Let x(s) = -s + 1. Let w(i) = -4*i - 7. Let m(h) = -w(h) + 5*x(h). List the prime factors of m(-9).
3, 7
Suppose -5*h = -630 - 140. What are the prime factors of h?
2, 7, 11
Let w be 430/(-6) + 4/6. Let n = w + 50. Let d = -10 - n. What are the prime factors of d?
11
Suppose -2*b = 3*b - 115. Suppose 5*u = 2*w - 78, -3*u - 3*w - 10 - 20 = 0. Let s = b + u. What are the prime factors of s?
3
Let d(l) be the third derivative of l**5/60 - l**4/24 - l**3/2 + 5*l**2. What are the prime factors of d(-3)?
3
Suppose -12*h = -8*h - 40. Let w = -8 - -12. Let z = h - w. List the prime factors of z.
2, 3
Let q = 61 + -41. List the prime factors of q.
2, 5
Suppose 3*b - 9 = 3. Suppose -s - s + b = 0. What are the prime factors of s?
2
List the prime factors of (-1)/(-2) - (-316)/8.
2, 5
Let s(i) = i**3 + 7*i**2 + 6*i - 5. Suppose -8 = 2*j - v - 2, 0 = -2*j - 5*v - 30. Let b be s(j). Let a = b + -7. What are the prime factors of a?
2
Suppose 0*b = 5*b - 20. Suppose b*x = -5*s + 45 + 138, -3*x = 3*s - 135. Suppose x = 3*u + 9. List the prime factors of u.
11
Let y = -2 - -4. Let v be -2 + 8 + (0 - y). Let o(x) = 2*x**2 - 3*x - 4. List the prime factors of o(v).
2
List the prime factors of (0 - (-220)/(-6))*(-6)/5.
2, 11
Let p(o) = 2*o**3 - 4*o**2 + 2*o + 2. Let r = -8 - 1. Let t = -7 - r. List the prime factors of p(t).
2, 3
Let b = 29 + -4. Suppose -8*x = -3*x - b. Suppose i = 2*d - 15, 2*d - 3*i - 16 = x. List the prime factors of d.
2, 3
Let f = 20 + -15. Let y = f + 15. What are the prime factors of y?
2, 5
Let l(d) = d**3 - d**2 - d + 1. Let u be l(1). Suppose 3*s = t - 3*t + 30, u = 2*t. What are the prime factors of s?
2, 5
Suppose 1 = 3*y + 4*s + 3, -3*y - 2*s + 2 = 0. Suppose y*v - 12 = -2*v. Suppose v + 5 = 2*u. List the prime factors of u.
2
Suppose -5*p = 2*v - 10*p - 74, 0 = -3*v - 3*p + 90. What are the prime factors of v?
2
Let q = 39 - 23. List the prime factors of q.
2
Let b be 2 + (3 - 4 - -3). What are the prime factors of b/12 + 70/6?
2, 3
Suppose -2 = 3*w - 5. Let v = 2 + w. What are the prime factors of v?
3
Let y = -7 + 19. Suppose y = -0*z + 2*z. Suppose 3*o - 27 + z = 0. List the prime factors of o.
7
Let z(h) = -3*h**3 + 3*h - 1. List the prime factors of z(-3).
71
Let h(k) be the first derivative of 1/3*k**3 + k + 0*k**2 - 1. What are the prime factors of h(2)?
5
Suppose -5*b + 81 = 2*x - 180, 4*b + 3*x - 206 = 0. Let v = -25 + b. What are the prime factors of v?
2, 7
Suppose y + 2 = -0*y. Let n(k) = 2*k**2 - 1. What are the prime factors of n(y)?
7
List the prime factors of (-1)/3 + (4 - 844/(-12)).
2, 37
Suppose -41 + 1 = -4*g. Suppose 2*j - g - 4 = 0. List the prime factors of j.
7
Let t(g) = -2*g - 7. Let p be t(-9). Let k = p + -8. Suppose 0 = -k*w - 0*u + 3*u + 33, -48 = -4*w + 2*u. List the prime factors of w.
13
Let z(p) = -p**3 - 5*p**2 + 3*p - 8. Let b be z(-6). Suppose 5*x - 3*x = b. List the prime factors of x.
5
Let f(h) be the first derivative of h**4/4 - 3*h**3 + h**2/2 - 1. What are the prime factors of f(9)?
3
Suppose -7*g + 15 = -2*g. Let t(p) = p + 4. What are the prime factors of t(g)?
7
Let l = 43 - -5. Let o = 30 - l. What are the prime factors of (1 + 1)/((-4)/o)?
3
Let p(k) = -k**3 - 5*k**2 + 5*k - 2. Let x be p(-6). Suppose 0 = 3*y - x*y + 32. What are the prime factors of y?
2
Suppose 5*f = -3 + 28, -2*b - 17 = f. Let w = b + 0. Let z = -9 - w. What are the prime factors of z?
2
Let n(c) = c**3 - 6*c**2 - 7*c + 2. List the prime factors of n(7).
2
Let x be -1 - 2/(-2) - -16. Suppose -o - 4 = p, -p + 0*o - x = 4*o. Suppose p = -4*g + 7*b - 2*b + 55, g - 12 = 3*b. List the prime factors of g.
3, 5
What are the prime factors of 80/24*66/5?
2, 11
Let z be (-16)/(-6) - 11/(-33). Suppose -m + 13 + z = 0. List the prime factors of m.
2
Let h(d) = -d + 19. What are the prime factors of h(-9)?
2, 7
Suppose -120 = -8*n + 3*n. What are the prime factors of n?
2, 3
Let y = 11 - 6. Suppose -o - 2*l = -3*l, -y*l = o - 24. List the prime factors of o.
2
What are the prime factors of 22 + (1 + 0 - 2)?
3, 7
Suppose 0 = 5*w - 38 + 13. Suppose w*h = -4*u + 51, 3*h - u = -h + 24. What are the prime factors of h?
7
Suppose -8 = 2*i - 182. What are the prime factors of i?
3, 29
Suppose 5*b - 160 = f, f = -3*b - 3*f + 73. Let x = b - -4. Let j = -24 + x. List the prime factors of j.
11
Let a be 0 - ((-8)/4 - 1). Suppose -2*i = -0*i + a*b - 26, 3*b = 4*i - 52. List the prime factors of i.
13
Suppose -2*s + 3*g - 5 = 2*g, 0 = -s + 2*g - 10. Let i be 4 - 2 - (s - 0). Suppose 0 = p + i*p - y - 16, 27 = p + 4*y. List the prime factors of p.
7
Let u(s) = 7*s**2 + 2*s + 9. Let h(o) = 6*o**2 + 2*o + 8. Let q(b) = -6*h(b) + 5*u(b). Let y be q(-2). Let i = y + 19. List the prime factors of i.
2
Let o(c) = -3*c + 2. Let v be o(-8). Let r = -7 + v. List the prime factors of r.
19
Let w(n) = -n**3 - 7*n**2 - 3*n - 7. Let f be w(-7). Suppose -3*c + 96 = -3*l, -2*l - 15 - 22 = -c. Let g = c - f. List the prime factors of g.
13
Let c be (-3)/2*40/6. List the prime factors of ((-40)/50)/(4/c).
2
What are the prime factors of 222 + ((2 - 4) + 1)*1?
13, 17
Let j = -6 + 27. What are the prime factors of j?
3, 7
Suppose 3*q + 4*o = 620 - 240, 0 = o + 1. List the prime factors of q.
2
Suppose -4*i + 2 = 4*z - 2, 4*i - 6 = -3*z. Suppose 0 = -3*b - 12, 16 = u - i*b + 8*b. List the prime factors of u.
2, 3
Let d be -10*1*(-18)/15. Let q be 4/(-8)*(-8)/2. Suppose q*s = -s + d. List the prime factors of s.
2
Let l(u) = 5*u**3 - 3*u**2 - 2*u + 2. What are the prime factors of l(3)?
2, 13
Let s = -197 + 337. Let g = -99 + s. List the prime factors of g.
41
What are the prime factors of 7 + (-7)/((-21)/(-9))?
2
Let r(t) be the first derivative of 3*t**2 - 4*t - 1. Let c be r(10). Suppose -2*g = -2*f + 6*f - c, -5*f - 5*g + 75 = 0. What are the prime factors of f?
13
Let m(n) be the second derivative of n**4/12 + n**3/3 + 5*n**2/2 + n. What are the prime factors of m(-5)?
2, 5
Suppose 0 = 3*v - 2*v - 4. Suppose d + 99 = v*d. List the prime factors of d.
3, 11
What are the prime factors of (1 + (-12)/9)*3*-127?
127
Let s(u) = u**2 + 9*u + 4. Let b be s(-5). Let c = 39 + b. List the prime factors of c.
23
Suppose -3 + 21 = -2*a - 2*g, 5*g + 29 = -3*a. Let r(l) = -l + 1. List the prime factors of r(a).
3
Let r be 1/(-2)*20/(-2). Let d be (8 + -1)*90/63. Suppose -r*x + d = -10. What are the prime factors of x?
2
Suppose -u - 275 = -5*b, 3*b + 0*b + 2*u = 165. What are the prime factors of b?
5, 11
Suppose -3*z - 59 - 19 = n, 5*n = 0. Let j = 31 - z. Suppose -j + 13 = -2*u. What are the prime factors of u?
2, 11
Suppose -3*n + 22 = 3*i - 92, -5*n + 195 = 4*i. What are the prime factors of n?
43
Let y(d) = -d - 10*d - 6 + d**2 - 4. Let u be (-16 - -1)*104/(-130). List the prime factors of y(u).
2
List the prime factors of (-37)/(-3*4/12).
37
Let l(u) = u**2 - 3*u - 16. List the prime factors of l(8).
2, 3
Suppose -2*l = -5*l + 2*w + 417, -4*w = -2*l + 270. List the prime factors of l.
3, 47
Let m = -13 - -17. Suppose -3*j - 5*w - 34 = -140, -2*j - m*w + 72 = 0. What are the prime factors of j?
2
Suppose 4*l = 5*s - 0 - 3, 0 = -2*s - 2*l + 12. Let g(u) = 16 - 6*u - 13 + u**s - 2*u**3 - 6*u**2. What are the prime factors of g(-5)?
2
Let a be 144/(-30)*(-40)/3. Suppose j = -3*n, -j + n + a = 4*j. List the prime factors of j.
2, 3
List the prime factors of (-435)/(-21) - (2 + (-16)/7).
3, 7
Let s be (13 - 12)/((-2)/54). What are the prime factors of (-97)/(-4) - s/36?
5
Let m(k) = -k - 3. Let y be m(-6). Suppose -p + 2*t + 6 = -0, p + t = y. Let g = 6 - p. What are the prime factors of g?
2
Let j(v) = -9 + 10 - 12*v + v**2 + 13. What are the prime factors of j(13)?
3
Let u be ((-12)/(-10))/((-2)/(-5)). Suppose -5*h - 34 = -u*o + 72, 2*o + 5*h - 79 = 0. What are the prime factors of o/7 - 2/7?
5
Let x(f) = 4*f. Let t be x(-5). Let u = t + 55. List the prime factors of u.
5, 7
Let q be ((-8)/10)/(3/15). Let j(h) = h**3 + 3*h**2 - 6*h - 3. List the prime factors of j(q).
5
Let w(m) = 5